2 - -8 - 17) + 7 + -2.
-2
What is -3 + 0 + (19 - 7 - -21 - 10)?
20
-28 - (2 - 12) - -18
0
Calculate -12 + -12 + 24 + -2.
-2
What is the value of (97 - 75) + (1 - 10)?
13
-969 + 950 - (-43 + -1)
25
Calculate (-9 - -30) + (7 - 9 - -4 - 9).
14
Calculate 4 + 1 + -5 - -11.
11
Evaluate (5 + -1 - -3) + -2 + 1.
6
Calculate 7 + (6 + -1 + -6 - 2) - 9.
-5
What is (2 - 17) + (-38 - -71)?
18
What is the value of -1 + -6 + 9 + 15?
17
-9 + 4 - 8 - -16
3
Calculate -30 + 5 + 1 + 12.
-12
What is the value of 6 - ((3 - 1 - 4) + -3 + 4)?
7
What is the value of (-34 - -22) + 8 - -28?
24
What is the value of 7 + -6 + -14 - (1 + -5)?
-9
0 + 2 + -1 + -185 + 177
-7
Evaluate (15 - 35) + (16 - 1).
-5
-7 + (6 - 3) + -7 + 18
7
What is 2 + 5 + (2 + 0 - 18) + 1?
-8
Calculate -13 + 7 + (0 - 4).
-10
Evaluate -7 - (3 - -2 - (-15 + (6 - 3))).
-24
(-4 - (-1 + -8 + (-109 - -115))) + -20
-21
-5 - (-21 - -17) - -9
8
5 - (15 - 15) - -5
10
(18 - 13) + (-12 - -10 - (-2 - 2))
7
Evaluate 4 + (1 - (-4 + 8)) - (66 + -96).
31
What is 1 + 38 + -101 + 50?
-12
Evaluate -13 - (0 - -4 - (2 + 2)).
-13
Evaluate (-5 - -7) + -10 + 13 - (-1 + 3).
3
What is (4 - 3) + -34 - -33?
0
What is the value of (1 - 25) + -107 + 121?
-10
(-6 - -1) + (33 + -16 - 7 - -15)
20
What is the value of -16 - (-13 + 0) - (6 - 2)?
-7
Calculate -20 + (-4 - -3) + (-27 - -40 - 13).
-21
Calculate 8 + -1 - (391 + -383).
-1
Evaluate (-1 - -1) + 33 + (-37 - -28).
24
Evaluate -14 - (36 - 6 - 28).
-16
0 + 9 + (22 - (14 + -5))
22
Calculate 3 - 0 - (-244 - -258).
-11
What is (-221 - -200) + (-2 - -8)?
-15
Evaluate -16 + (352 - 360 - (-38 + 1)).
13
What is the value of (-5 - 22) + -2 + -7 + 17?
-19
Evaluate -22 + 50 - (-9 + 6 - (1 + -5)).
27
What is the value of 16 - (23 + (3 - 7)) - (18 - 3)?
-18
What is -4 + (6 + -17 - -15) - 19?
-19
Evaluate 115 + -107 + -11 + 1 - -10.
8
Calculate 0 + 1 + -1 + -9 - (735 - 729).
-15
What is the value of 1 - -12 - (-635 - -637)?
11
Calculate 15 - (-14 - -10) - -1.
20
(1 - 11) + (-6 - (6 - (-5 - -17)))
-10
-13 + (5 - ((-3 - -10) + -1))
-14
What is 5 + -1 - (-6 + (-11 - -8) + 15)?
-2
-4 + 0 + -4 + 1 + 10
3
Calculate 30 + 5 + -17 + -4 + (-1 - -2).
15
What is the value of (-4 - (12 - 16) - -2) + (0 - -9)?
11
Calculate -79 + 100 - (34 + -6).
-7
Evaluate (-47 + 4 - 9) + 4 + 14.
-34
What is the value of (5 - 3 - 13) + 3 + 3?
-5
Evaluate 6 - (37 + -22 + 9).
-18
(2 - 3) + -2 - ((-8 - 23) + 25)
3
Evaluate -46 + 39 + (13 - 6).
0
Calculate 1 + 11 + (-1 - (11 + -10)) + -20.
-10
-11 - -16 - (0 + (-6 - -6)) - 15
-10
What is -14 - -5 - -5 - 0?
-4
What is the value of (-38 - (6 - 27)) + 15?
-2
What is 26 - 29 - (8 - 9)?
-2
Evaluate (-10 - -2) + (191 - 181).
2
Calculate -9 - (-4 - (0 + 9)).
4
33 + 38 + -88 + (-1 - -1) + 1
-16
What is (14 - 9) + 0 - ((2 - -4) + 3)?
-4
What is the value of -24 - (24 - 19 - 17)?
-12
What is the value of -24 - -13 - (5 - 0 - 10 - 5)?
-1
Evaluate 0 + 0 - (-12 + -12 + (18 - 0)).
6
(9 - 0) + -19 + 16 - (-37 + 35)
8
Evaluate (25 - 56) + 36 + -23.
-18
What is the value of -5 + -4 + (0 - -3) + 9?
3
Calculate 4 + (7 - 2 - (17 - 15)).
7
What is 1 - (7 + -12 + 12)?
-6
6 - (2 + (2 - 2)) - 7
-3
What is -5 + (0 - ((-105 - -111) + (-1 - 6)))?
-4
Evaluate 37 + -15 - 9 - (-2 + 32).
-17
What is the value of (30 - (24 + -8)) + -1?
13
10 + (11 - (-1 + 0) - (10 + -2))
14
Evaluate -7 + 1 - (-1 + -5 + 4 + 3).
-7
-9 - (-24 - -11 - -13)
-9
Calculate 18 + (-4 + 0 - -2) + 0 + -6.
10
What is -245 + 257 - (1 - -17)?
-6
(-25 + 12 - -4) + -5
-14
What is 9 + -3 - 12 - (22 + -18)?
-10
What is (-21 - (0 + -4)) + (95 - 61)?
17
Evaluate -30 - -8 - (0 + -6).
-16
What is the value of -22 - -8 - (5 - 30)?
11
What is 12 - 1 - (4 + -4 - (7 + -4))?
14
Calculate (8 - 1) + (12 - (28 + (3 - 2))).
-10
Calculate -11 - (-20 + 21 + -24).
12
What is 38 - (49 - (-15 - -38))?
12
What is the value of (-206 - -203) + (-2 + 2 - -8 - 3)?
2
Evaluate 3 + 2 + -1 - (15 + 9 + -2).
-18
What is the value of 2 + -2 + -1 - (-25 - (-54 - -22))?
-8
Evaluate (3 - (19 - 15)) + (0 - 2).
-3
What is -16 + (-26 + 16 + 24 - 1)?
-3
What is 0 + (39 - 37 - (-1 + 2 + 0))?
1
Calculate (5 - 13 - 6 - -30) + 9.
25
Evaluate 2 + -28 - (151 + -164) - 1.
-14
-9 - (-1 + (-15 - -3) - (-32 - -23))
-5
What is the value of 10 + 2 + 2 - 25?
-11
Calculate -3 - (22 - 25) - (0 + 2 + 2).
-4
What is 10 + ((-4 - -9) + 3 - (-12 + 29))?
1
What is -3 + 1 + (10 - 8) + -6 + 3?
-3
What is -2 + 3 + 4 + -6 + -1?
-2
Evaluate -6 + (-6 - -8) - (-3 + -3 + -10).
12
What is the value of (6 - (-17 + 11 + -2)) + -21?
-7
Evaluate 3 + -2 + 24 - 3.
22
-12 - (3 + 2) - 8
-25
Evaluate -16 + -5 - -11 - -23.
13
What is (-12 - (15 + -17)) + (15 - 4)?
1
What is (-8 - -5) + (20 - -3)?
20
Calculate 11 - (8 + -3 - -4).
2
Evaluate 28 + -31 + -7 + 22.
12
-5 + -18 + -3 + 12
-14
What is the value of -3 + 14 + (6 - 45) + (10 - 1)?
-19
What is -23 + 13 + -12 + 13?
-9
What is -1976 + 1973 + (0 - -1 - -13)?
11
Calculate 2 + -1 - (-1 - 1) - (-132 - -134).
1
What is 0 + 9 - 11 - (0 + (1 - 7))?
4
What is the value of 31 + (28 - 50) + 10 + -1?
18
39 + (-67 + 10 - -20)
2
What is the value of 0 + (-5 - 1) + (-1 - 7)?
-14
What is the value of 1 - (-29 - (-6 - 13) - (2 - -16))?
29
-4 - (8 - 8 - (5 - 8))
-7
Evaluate (-1 - ((3 - 0) + -3 + -6)) + -10.
-5
Evaluate 8 - (-14 + 13 - -10).
-1
Calculate 0 + 2 - -3 - (19 - (13 - 6)).
-7
Calculate 336 + -328 - (0 - -1).
7
1 + 8 - 2 - (16 + -10 - -6)
-5
Calculate 18 - 18 - -10 - (-3 + -17).
30
Calculate (3 - -6) + 8 - (-2 + 9).
10
1 + (6 - (0 + 30) - -6) + 6
-11
Evaluate -58 - -36 - 23 - -47.
2
What is the value of -15 - -1 - (140 + -140)?
-14
Calculate -5 + (9 - 8) + (11 - 1).
6
What is the value of -13 + -4 + (11 - (7 - 8 - -12))?
-17
Calculate (-22 - -20) + 6 + 5 + 6.
15
Calculate -43 + (7 - (17 - 5) - -15).
-33
Calculate (-12 - (-3 + 0 + 7)) + 8.
-8
Evaluate 13 + (-4 - (8 + 0 + -6)).
7
What is the value of -35 - -70 - (-4 - -10)?
29
What is (-247 - -252) + (-1 - -11)?
15
20 + 1 + -11 + 20
30
Calculate 20 - 30 - 8 - -6.
-12
Calculate -88 + 65 + 35 - (2 + -8 + 0).
18
Calculate 12 - 13 - (-4 - -3 - -6).
-6
Calculate (-12 - 1) + 10 - -14.
11
Calculate -6 + (1 + 8 - (-60 - -59)).
4
Calculate (13 - 3) + -10 + (9 - -4).
13
What is 7 + (6 - 4) - (42 + -36)?
3
What is the value of (7 - 0) + (2 - -17) + -16?
10
9 - (14 + (-2 - 0) + (55 - 51))
-7
(-1 - 9) + 18 + -25 + 0 + 3
-14
14 + -10 + 28 + -72
-40
What is 1 - (-2 + (-6 + 6 - -3)) - 10?
-10
What is 69 - 52 - (22 + -5)?
0
What is -5 + 3 + 1 + -12 + 1?
-12
What is -42 - (7 + 11 + -97)?
37
(0 - -41) + (-740 - -675)
-24
What is 24 - (4 + (8 - 9) + 10 + -3)?
14
-18 - (-17 + (-2 - -11))
-10
-10 + (-14 - 2 - (-99 + 42))
31
-3 + -4 - (-47 + 19) - -4
25
Evaluate 38 - (17 - 12) - 42.
-9
What is 3 + 30 + -34 + (2 - 1 - 3)?
-3
What is -15 + (-10 - -16) + -3?
-12
What is the value of (-4 - (4 - 17) - 8) + -12?
-11
What is the value of -4 + -2 - (1 - 4)?
-3
Calculate 6 - (-5 + -1) - 6 - 12.
-6
Calculate 0 + -3 + (-9 + 8 - -1) - -9.
6
What is the value of 5 + (-2 - -3) + -1 + 3?
8
What is 151 + -153 - ((-4 - 0) + 1)?
1
Evaluate 53 - (32 + -7 - 1).
29
Evaluate 10 - (-12 + 3 - (-1 + -6)).
12
What is -92 + 100 + -4 + -11?
-7
What is 8 - (28 + -25 - (-10 + 0))?
-5
Calculate 6 - 1 - (1 + -30 + -5 + 20).
19
What is 26 + (-32 - 12) - -15 - (13 - 1)?
-15
-7 - ((-23 - -23) + -23 + 8 + -3)
11
-1 - -1 - 0 - ((-4 - -10) + 1)
-7
Calculate 7 - 9 - (-2 + 9).
-9
Calculate 6 + (3 + -1 - (-4 + 11)) + 1.
2
Calculate 4 + (-2 - -2) + (36 - 61).
-21
Evaluate -2 - (12 + -5 + 0 + -6).
-3
Calculate 3 + -20 + (-5 - -5) - -48.
31
Evaluate 10 - 1 - (-12 - (14 + -28) - 10).
17
What is 0 - -13 - (0 - -9 - (-55 + 62))?
11
What is the value of (12 - (32 + -38)) + -25?
-7
28 + -5 + 29 + -40
12
What is the value of 15 + (15 + -29 - -13 - (0 - 0))?
14
-9 + (-23 - -4) - -27
-1
What is 0 + (-6 - (21 - 9)) + 1?
-17
Evaluate -18 - (-6 + (19 + 0 - (49 - 44))).
-26
Calculate (28 - -10) + 2 - (-12 - -30).
22
What is 11 + (6 - 2 - (3 - -1))?
11
0 + -6 - (-25 - -24) - (0 - 0)
-5
30 - (-4 + -1 - -7)
28
What is -2 + (50 - 51) + 29 + 0?
26
What is the value of (-5 - -2) + -26 + 29?
0
What is 10 - (-5 + 2 + 5) - 4?
4
Calculate -2 - 1 - (282 - 258).
-27
What is 2 - (-32 - (-47 - -21))?
8
Calculate (1 - 0) + (3 - (-9 - -15) - 0).
-2
Evaluate -24 - (-23 + 17 + -20).
2
2 + (-16 - -12) - (6 - -2)
-10
16